e highest common divisor of 4825 and 25?
25
Calculate the greatest common factor of 93 and 3441.
93
What is the highest common factor of 140 and 189?
7
What is the highest common divisor of 2420 and 24?
4
What is the greatest common divisor of 23 and 4853?
23
What is the greatest common factor of 61692 and 106?
106
Calculate the highest common factor of 3652 and 22.
22
Calculate the greatest common factor of 36 and 351.
9
Calculate the highest common factor of 5 and 145.
5
Calculate the highest common factor of 52 and 676.
52
Calculate the highest common divisor of 950 and 38.
38
Calculate the highest common divisor of 392 and 16.
8
Calculate the greatest common divisor of 77 and 121.
11
Calculate the greatest common factor of 267 and 623.
89
What is the highest common divisor of 465 and 15?
15
What is the greatest common factor of 10187 and 183?
61
Calculate the greatest common divisor of 592 and 370.
74
What is the highest common divisor of 352 and 11?
11
What is the highest common factor of 230 and 10?
10
Calculate the highest common divisor of 646 and 1258.
34
What is the highest common factor of 68 and 578?
34
What is the greatest common divisor of 870 and 2958?
174
What is the greatest common factor of 56 and 328?
8
Calculate the highest common factor of 2573 and 1023.
31
What is the highest common factor of 13893 and 33?
33
What is the highest common divisor of 7068 and 1302?
186
What is the highest common divisor of 286 and 1040?
26
Calculate the greatest common factor of 1544 and 80.
8
What is the greatest common factor of 6 and 5091?
3
Calculate the highest common divisor of 4247 and 31.
31
Calculate the greatest common divisor of 38 and 5130.
38
What is the highest common factor of 279 and 171?
9
What is the greatest common divisor of 255 and 306?
51
What is the greatest common divisor of 24740 and 40?
20
What is the greatest common divisor of 49 and 1?
1
What is the greatest common factor of 18480 and 22?
22
What is the highest common divisor of 8 and 1342?
2
Calculate the greatest common factor of 1648 and 4.
4
Calculate the greatest common divisor of 25 and 4850.
25
What is the highest common factor of 279 and 18?
9
What is the greatest common factor of 116 and 145?
29
Calculate the greatest common factor of 24232 and 104.
104
What is the highest common factor of 22 and 902?
22
What is the highest common factor of 9 and 5787?
9
What is the greatest common divisor of 21604 and 44?
44
What is the greatest common factor of 2424 and 101?
101
Calculate the highest common divisor of 78 and 1677.
39
What is the greatest common factor of 72 and 2816?
8
Calculate the highest common divisor of 4 and 39.
1
What is the greatest common factor of 29 and 841?
29
What is the greatest common factor of 171 and 285?
57
Calculate the greatest common divisor of 13708 and 92.
92
What is the greatest common factor of 8891 and 153?
17
What is the highest common factor of 2883 and 217?
31
Calculate the highest common factor of 105 and 252.
21
Calculate the greatest common divisor of 1680 and 105.
105
Calculate the highest common divisor of 287 and 14.
7
What is the highest common factor of 26 and 13?
13
What is the highest common factor of 66 and 4466?
22
Calculate the greatest common divisor of 120 and 105.
15
What is the highest common divisor of 290 and 12035?
145
Calculate the greatest common divisor of 4601 and 107.
107
Calculate the greatest common divisor of 6 and 26.
2
What is the greatest common divisor of 3872 and 48?
16
What is the greatest common divisor of 24343 and 11?
11
What is the greatest common divisor of 621 and 135?
27
Calculate the highest common divisor of 180 and 80.
20
What is the greatest common factor of 135 and 12870?
45
Calculate the greatest common factor of 20 and 1570.
10
What is the highest common divisor of 17 and 459?
17
What is the greatest common factor of 38 and 11343?
19
What is the greatest common divisor of 63 and 77?
7
What is the highest common factor of 20 and 1130?
10
What is the greatest common factor of 10 and 86?
2
What is the greatest common factor of 1 and 733?
1
What is the highest common factor of 140 and 6076?
28
What is the greatest common divisor of 58 and 2494?
58
Calculate the highest common factor of 5028 and 12.
12
Calculate the highest common divisor of 363 and 12.
3
What is the greatest common divisor of 1146 and 18?
6
Calculate the highest common factor of 134705 and 145.
145
Calculate the greatest common divisor of 1275 and 51.
51
What is the highest common factor of 311 and 39497?
311
What is the greatest common factor of 26 and 4069?
13
Calculate the highest common divisor of 1687 and 7712.
241
What is the highest common factor of 484 and 792?
44
What is the greatest common divisor of 221 and 17?
17
Calculate the highest common factor of 96 and 48.
48
Calculate the greatest common factor of 2150 and 70.
10
What is the highest common factor of 180 and 2790?
90
What is the highest common divisor of 16 and 20?
4
Calculate the highest common factor of 323 and 304.
19
What is the highest common factor of 1518 and 66?
66
Calculate the greatest common factor of 384 and 16.
16
Calculate the highest common factor of 26620 and 110.
110
What is the highest common factor of 456 and 96?
24
Calculate the greatest common divisor of 6 and 242.
2
Calculate the highest common factor of 6 and 30.
6
What is the highest common divisor of 1616 and 505?
101
What is the highest common factor of 9 and 219?
3
What is the greatest common factor of 186 and 690?
6
Calculate the greatest common factor of 46 and 1679.
23
What is the highest common factor of 142 and 16614?
142
Calculate the greatest common factor of 1188 and 44.
44
What is the highest common divisor of 54 and 4086?
18
Calculate the highest common factor of 2310 and 132.
66
What is the highest common divisor of 39 and 143?
13
What is the highest common factor of 3 and 243?
3
Calculate the highest common divisor of 59 and 8083.
59
What is the greatest common factor of 1058 and 138?
46
Calculate the greatest common divisor of 78 and 6747.
39
What is the highest common factor of 140 and 17115?
35
What is the greatest common divisor of 115 and 46?
23
What is the greatest common divisor of 57 and 285?
57
Calculate the highest common factor of 808 and 27068.
404
Calculate the highest common divisor of 10 and 265.
5
Calculate the highest common factor of 405 and 648.
81
Calculate the greatest common factor of 6 and 32.
2
Calculate the greatest common factor of 33 and 2013.
33
Calculate the highest common divisor of 27 and 1356.
3
Calculate the highest common factor of 945 and 140.
35
What is the greatest common divisor of 88 and 136?
8
Calculate the greatest common divisor of 3088 and 16.
16
What is the greatest common divisor of 408 and 544?
136
Calculate the greatest common factor of 45883 and 17.
17
What is the greatest common divisor of 22 and 13574?
22
What is the greatest common factor of 28 and 434?
14
Calculate the highest common factor of 3180 and 500.
20
Calculate the highest common divisor of 16 and 256.
16
Calculate the greatest common factor of 3 and 127.
1
Calculate the highest common factor of 48 and 11316.
12
What is the highest common divisor of 48 and 8664?
24
Calculate the highest common divisor of 290 and 370.
10
What is the highest common factor of 252 and 28?
28
Calculate the highest common divisor of 810 and 10.
10
Calculate the highest common factor of 48 and 876.
12
Calculate the greatest common divisor of 970 and 70.
10
Calculate the highest common divisor of 161 and 3.
1
Calculate the greatest common divisor of 13 and 416.
13
Calculate the highest common divisor of 81 and 4770.
9
What is the highest common factor of 575 and 23?
23
Calculate the highest common divisor of 17 and 391.
17
What is the greatest common factor of 1444 and 912?
76
Calculate the highest common divisor of 117 and 369.
9
Calculate the highest common divisor of 1325 and 1696.
53
Calculate the greatest common factor of 756 and 81.
27
Calculate the greatest common factor of 273 and 364.
91
What is the highest common factor of 13754 and 26?
26
Calculate the highest common factor of 4 and 164.
4
Calculate the highest common divisor of 23 and 23.
23
Calculate the hi